se
Is 10663 composite?
False
Is 414347 a composite number?
False
Is 1691 prime?
False
Is 147449 composite?
False
Is 64401 prime?
False
Is 1973 a prime number?
True
Is 16871 prime?
True
Is 1795 a composite number?
True
Is 760139 a composite number?
True
Is 456283 prime?
True
Is 877 prime?
True
Is 1188353 prime?
True
Is 86287 prime?
True
Is 8353 prime?
True
Is 100207 a composite number?
False
Is 688243 composite?
True
Is 52109 a composite number?
True
Is 34654 composite?
True
Is 5774 a composite number?
True
Is 404927 a prime number?
False
Is 59239 composite?
False
Is 83649 composite?
True
Is 199587 composite?
True
Is 212231 prime?
False
Is 1427317 prime?
False
Is 30389 a prime number?
True
Is 57169 a composite number?
True
Is 14143 composite?
False
Is 2010389 a prime number?
True
Is 13009 composite?
False
Is 100999 composite?
False
Is 189683 a composite number?
True
Is 26567 a composite number?
True
Is 4751 a prime number?
True
Is 129629 composite?
False
Is 14509 composite?
True
Is 84377 composite?
False
Is 12449 prime?
False
Is 43889 prime?
True
Is 14311 a composite number?
True
Is 950277 prime?
False
Is 2903 a composite number?
False
Is 207446 a composite number?
True
Is 26177 a composite number?
False
Is 3320749 composite?
False
Is 24355 a prime number?
False
Is 716417 a composite number?
True
Is 9244249 prime?
False
Is 2543 prime?
True
Is 764081 composite?
False
Is 498119 prime?
True
Is 52031 prime?
False
Is 1602431 a composite number?
True
Is 689 composite?
True
Is 6415 prime?
False
Is 25889 a composite number?
False
Is 328337 a prime number?
False
Is 142949 a prime number?
True
Is 15703 composite?
True
Is 2921 composite?
True
Is 34907 a prime number?
False
Is 155213 prime?
False
Is 127691 composite?
False
Is 90983 a composite number?
True
Is 40855 a composite number?
True
Is 90971 composite?
False
Is 224813 a composite number?
False
Is 334843 prime?
True
Is 5201 a prime number?
False
Is 21167 a prime number?
False
Is 106565 a prime number?
False
Is 304289 prime?
False
Is 1320451 composite?
True
Is 544043 a prime number?
False
Is 18229 a prime number?
True
Is 25523 prime?
True
Is 8465 composite?
True
Is 35537 a composite number?
False
Is 33171 composite?
True
Is 314 a composite number?
True
Is 1077969 prime?
False
Is 7609 a prime number?
False
Is 3377 prime?
False
Is 50678 prime?
False
Is 11203 a prime number?
False
Is 3427 a prime number?
False
Is 126107 prime?
True
Is 617998 composite?
True
Is 1949 prime?
True
Is 14197 composite?
False
Is 12202 a composite number?
True
Is 229603 a composite number?
True
Is 9587 composite?
False
Is 26879 a prime number?
True
Is 27427 composite?
False
Is 1195189 a prime number?
True
Is 13093 a prime number?
True
Is 17933 a composite number?
True
Is 1431251 a prime number?
False
Is 532657 composite?
True
Is 57173 prime?
True
Is 84841 prime?
False
Is 180019 a composite number?
True
Is 251863 a composite number?
True
Is 51029 prime?
False
Is 352207 composite?
True
Is 661849 a composite number?
False
Is 127 a prime number?
True
Is 11857 composite?
True
Is 131135 a composite number?
True
Is 95441 a composite number?
False
Is 147521 a composite number?
True
Is 18163 a prime number?
False
Is 1272811 a composite number?
False
Is 768941 prime?
True
Is 26921 prime?
True
Is 761077 prime?
False
Is 311807 a composite number?
False
Is 4201 composite?
False
Is 10753 a prime number?
True
Is 223087 prime?
True
Is 2477 composite?
False
Is 5153609 prime?
False
Is 4504315 a prime number?
False
Is 62353 a prime number?
False
Is 74839 composite?
True
Is 66587 prime?
True
Is 5242 composite?
True
Is 18509 composite?
True
Is 117799 prime?
False
Is 478523 a composite number?
False
Is 807403 a prime number?
True
Is 11863 a prime number?
True
Is 859549 a prime number?
False
Is 97813 a composite number?
False
Is 17133 a prime number?
False
Is 13106 a prime number?
False
Is 998 a prime number?
False
Is 26929 composite?
True
Is 21058 a prime number?
False
Is 1324051 a prime number?
True
Is 115 composite?
True
Is 85067 composite?
True
Is 1739 a prime number?
False
Is 185291 a composite number?
False
Is 6349 composite?
True
Is 346169 a prime number?
True
Is 493741 composite?
True
Is 95369 composite?
False
Is 41087 composite?
True
Is 3103 prime?
False
Is 15619 prime?
True
Is 13323 a composite number?
True
Is 555677 a prime number?
True
Is 635 composite?
True
Is 251761 prime?
True
Is 178853 composite?
False
Is 1362665 prime?
False
Is 17399 a prime number?
False
Is 131 composite?
False
Is 416869 prime?
False
Is 6167 a composite number?
True
Is 6773 a composite number?
True
Is 10847 a prime number?
True
Is 11959 a prime number?
True
Is 32201 a prime number?
False
Is 22501 a composite number?
False
Is 202277 a composite number?
False
Is 492463 a composite number?
False
Is 9077 a prime number?
False
Is 83783 composite?
True
Is 210895 composite?
True
Is 36143 composite?
True
Is 33911 a composite number?
False
Is 946367 a prime number?
True
Is 3271 a prime number?
True
Is 376413 composite?
True
Is 132295 composite?
True
Is 284989 a composite number?
False
Is 977353 a prime number?
False
Is 109987 composite?
False
Is 8663 a prime number?
True
Is 35311 a prime number?
True
Is 12893 composite?
False
Is 153569 a prime number?
False
Is 22403 composite?
True
Is 28829 a prime number?
False
Is 5513 composite?
True
Is 59693 prime?
True
Is 953 a prime number?
True
Is 100697 a composite number?
True
Is 409 prime?
True
Is 331 a composite number?
False
Is 12777 a composite number?
True
Is 1303 prime?
True
Is 9327 a composite number?
True
Is 1150027 prime?
True
Is 53435 a composite number?
True
Is 481721 a prime number?
True
Is 126943 composite?
False
Is 35913 composite?
True
Is 1223051 a composite number?
False
Is 20959 a prime number?
True
Is 9533 a prime number?
True
Is 1251157 composite?
False
Is 12295 a prime number?
False
Is 272329 composite?
False
Is 5027 a composite number?
True
Is 25105 composite?
True
Is 65677 a prime number?
True
Is 3073 composite?
True
Is 7993 a prime number?
True
Is 15107 a prime number?
True
Is 68833 a composite number?
True
Is 13001 a prime number?
True
Is 930377 a composite number?
True
Is 70099 a composite number?
False
Is 9561 composite?
True
Is 519083 a prime number?
True
Is 12569 composite?
False
Is 2189 composite?
True
Is 1656533 composite?
False
Is 248441 a prime number?
True
Is 132421 a composite number?
False
Is 21839 prime?
True
Is 251347 prime?
True
Is 683 a prime number?
True
Is 93631 a prime number?
False
Is 29741 composite?
False
Is 1284169 a composite number?
False
Is 265087 a prime number?
False
Is 6637 a prime number?
True
Is 72139 a composite number?
False
Is 7249 composite?
True
Is 1273499 a composite number?
False
Is 2629 prime?
False
Is 2767 prime?
True
Is 565757 a prime number?
False
Is 712643 prime?
False
Is 20533 a composite number?
False
Is 705881 a composite number?
True
Is 229291 prime?
False
Is 811741 prime?
False
Is 35069 composite?
False
Is 965683 a prime number?
False
Is 7613 a prime number?
False
Is 8013 a composite number?
True
Is 1010671 a composite number?
False
Is 25007 composite?
True
Is 8691 prime?
False
Is 41281 prime?
True
Is 98405 prime?
False
Is 1255 composite?
True
Is 26769 prime?
False
Is 49523 a prime number?
True
Is 49683 a prime number?
False
Is 147593 prime?
False
Is 57703 prime?
False
Is 744637 a prime number?
True
Is 268003 a prime number?
True
Is 36853 a composite number?
True
Is 2823 a composite number?
True
Is 873641 a prime number?
True
Is 54737 a prime number?
False
Is 173837 prime?
False
Is 1693 a prime number?
True
Is 677 composite?
False
Is 31169 composite?
True
Is 85679 prime?
False
Is 36377 a composite number?
True
Is 339837 prime?
False
Is 4337 prime?
True
Is 36599 a prime number?
True
Is 161571 composite?
True
Is 199877 prime?
True
Is 3491 a composite number?
False
Is 17341 prime?
True
Is 62945 a prime number?
False
Is 42323 a composite number?
False
Is 63565 composite?
True
Is 20849 a prime number?
True
Is 813893 a composite number?
False
Is 193283 prime?
True
Is 17551 a composite number?
False
Is 354377 a prime number?
True
Is 103001 a composite number?
False
Is 359207 composite?
False
Is 37441 a prime number?
True
Is 12979 prime?
True
Is 3637 a composite numbe